{"id":1878,"date":"2024-04-11T15:43:40","date_gmt":"2024-04-11T15:43:40","guid":{"rendered":"https:\/\/prospa-wordpress.technowebstore.com\/price-copy\/"},"modified":"2026-05-06T20:12:12","modified_gmt":"2026-05-06T18:12:12","slug":"faqs","status":"publish","type":"page","link":"https:\/\/madmikeguitar.com\/index.php\/faqs\/","title":{"rendered":"Faq&#8217;s"},"content":{"rendered":"\t\t<div data-elementor-type=\"wp-page\" data-elementor-id=\"1878\" class=\"elementor elementor-1878\" data-elementor-post-type=\"page\">\n\t\t\t\t\t\t<section class=\"has_eae_slider elementor-section elementor-top-section elementor-element elementor-element-2c3038f subbanner2  elementor-section-boxed elementor-section-height-default elementor-section-height-default\" data-eae-slider=\"44172\" data-id=\"2c3038f\" data-element_type=\"section\" data-e-type=\"section\" data-settings=\"{&quot;background_background&quot;:&quot;classic&quot;}\">\n\t\t\t\t\t\t<div class=\"elementor-container elementor-column-gap-default\">\n\t\t\t\t\t<div class=\"has_eae_slider elementor-column elementor-col-100 elementor-top-column elementor-element elementor-element-a31a688\" data-eae-slider=\"32439\" data-id=\"a31a688\" data-element_type=\"column\" data-e-type=\"column\">\n\t\t\t<div class=\"elementor-widget-wrap elementor-element-populated\">\n\t\t\t\t\t\t<section class=\"has_eae_slider elementor-section elementor-inner-section elementor-element elementor-element-75620a6 elementor-section-boxed elementor-section-height-default elementor-section-height-default\" data-eae-slider=\"65383\" data-id=\"75620a6\" data-element_type=\"section\" data-e-type=\"section\">\n\t\t\t\t\t\t<div class=\"elementor-container elementor-column-gap-default\">\n\t\t\t\t\t<div class=\"has_eae_slider elementor-column elementor-col-50 elementor-inner-column elementor-element elementor-element-82105d2\" data-eae-slider=\"50836\" data-id=\"82105d2\" data-element_type=\"column\" data-e-type=\"column\">\n\t\t\t<div class=\"elementor-widget-wrap elementor-element-populated\">\n\t\t\t\t\t\t<div class=\"elementor-element elementor-element-ab285d4 elementor-widget elementor-widget-page-title\" data-id=\"ab285d4\" data-element_type=\"widget\" data-e-type=\"widget\" data-widget_type=\"page-title.default\">\n\t\t\t\t<div class=\"elementor-widget-container\">\n\t\t\t\t\t\t\t\n\t\t<div class=\"hfe-page-title hfe-page-title-wrapper elementor-widget-heading\">\n\n\t\t\t\t\t\t\t\t<h2 class=\"elementor-heading-title elementor-size-default\">\n\t\t\t\t\t\t\t\t\n\t\t\t\tFaq&#8217;s  \n\t\t\t<\/h2 > \n\t\t\t\t\t<\/div>\n\t\t\t\t\t\t<\/div>\n\t\t\t\t<\/div>\n\t\t\t\t\t<\/div>\n\t\t<\/div>\n\t\t\t\t<div class=\"has_eae_slider elementor-column elementor-col-50 elementor-inner-column elementor-element elementor-element-d41069a\" data-eae-slider=\"74310\" data-id=\"d41069a\" data-element_type=\"column\" data-e-type=\"column\">\n\t\t\t<div class=\"elementor-widget-wrap elementor-element-populated\">\n\t\t\t\t\t\t<div class=\"elementor-element elementor-element-40e5be8 elementor-widget elementor-widget-html\" data-id=\"40e5be8\" data-element_type=\"widget\" data-e-type=\"widget\" data-widget_type=\"html.default\">\n\t\t\t\t\t<ul class=\"breadcrumbs none-style fl-r\">\r\n<li><a href=\"\/\">Home<\/a><\/li>\r\n<li>Faq's<\/li>\r\n\r\n<\/ul>\t\t\t\t<\/div>\n\t\t\t\t\t<\/div>\n\t\t<\/div>\n\t\t\t\t\t<\/div>\n\t\t<\/section>\n\t\t\t\t\t<\/div>\n\t\t<\/div>\n\t\t\t\t\t<\/div>\n\t\t<\/section>\n\t\t\t\t<section class=\"has_eae_slider elementor-section elementor-top-section elementor-element elementor-element-e4601c7 elementor-section-boxed elementor-section-height-default elementor-section-height-default\" data-eae-slider=\"16230\" data-id=\"e4601c7\" data-element_type=\"section\" data-e-type=\"section\">\n\t\t\t\t\t\t<div class=\"elementor-container elementor-column-gap-default\">\n\t\t\t\t\t<div class=\"has_eae_slider elementor-column elementor-col-100 elementor-top-column elementor-element elementor-element-625a68d\" data-eae-slider=\"40363\" data-id=\"625a68d\" data-element_type=\"column\" data-e-type=\"column\">\n\t\t\t<div class=\"elementor-widget-wrap elementor-element-populated\">\n\t\t\t\t\t\t<section class=\"has_eae_slider elementor-section elementor-inner-section elementor-element elementor-element-b6ede1a elementor-section-boxed elementor-section-height-default elementor-section-height-default\" data-eae-slider=\"10795\" data-id=\"b6ede1a\" data-element_type=\"section\" data-e-type=\"section\">\n\t\t\t\t\t\t<div class=\"elementor-container elementor-column-gap-default\">\n\t\t\t\t\t<div class=\"has_eae_slider elementor-column elementor-col-100 elementor-inner-column elementor-element elementor-element-4c477dd\" data-eae-slider=\"71302\" data-id=\"4c477dd\" data-element_type=\"column\" data-e-type=\"column\">\n\t\t\t<div class=\"elementor-widget-wrap elementor-element-populated\">\n\t\t\t\t\t\t<div class=\"elementor-element elementor-element-afad62a elementor-widget elementor-widget-heading\" data-id=\"afad62a\" data-element_type=\"widget\" data-e-type=\"widget\" data-widget_type=\"heading.default\">\n\t\t\t\t\t<h2 class=\"elementor-heading-title elementor-size-default\">FAQ'S<\/h2>\t\t\t\t<\/div>\n\t\t\t\t<div class=\"elementor-element elementor-element-f99b023 elementor-widget elementor-widget-heading\" data-id=\"f99b023\" data-element_type=\"widget\" data-e-type=\"widget\" data-widget_type=\"heading.default\">\n\t\t\t\t\t<h2 class=\"elementor-heading-title elementor-size-default\">Q&amp;A \u2013 Mad Mike Guitar <span style=\", sans-serif\"><\/span><\/h2>\t\t\t\t<\/div>\n\t\t\t\t\t<\/div>\n\t\t<\/div>\n\t\t\t\t\t<\/div>\n\t\t<\/section>\n\t\t\t\t\t<\/div>\n\t\t<\/div>\n\t\t\t\t\t<\/div>\n\t\t<\/section>\n\t\t\t\t<section class=\"has_eae_slider elementor-section elementor-top-section elementor-element elementor-element-1e678fe elementor-section-boxed elementor-section-height-default elementor-section-height-default\" data-eae-slider=\"26164\" data-id=\"1e678fe\" data-element_type=\"section\" data-e-type=\"section\">\n\t\t\t\t\t\t<div class=\"elementor-container elementor-column-gap-default\">\n\t\t\t\t\t<div class=\"has_eae_slider elementor-column elementor-col-25 elementor-top-column elementor-element elementor-element-cc51d0d\" data-eae-slider=\"88957\" data-id=\"cc51d0d\" data-element_type=\"column\" data-e-type=\"column\">\n\t\t\t<div class=\"elementor-widget-wrap\">\n\t\t\t\t\t\t\t<\/div>\n\t\t<\/div>\n\t\t\t\t<div class=\"has_eae_slider elementor-column elementor-col-50 elementor-top-column elementor-element elementor-element-141f771\" data-eae-slider=\"18537\" data-id=\"141f771\" data-element_type=\"column\" data-e-type=\"column\">\n\t\t\t<div class=\"elementor-widget-wrap elementor-element-populated\">\n\t\t\t\t\t\t<section class=\"has_eae_slider elementor-section elementor-inner-section elementor-element elementor-element-34e43c6 elementor-section-boxed elementor-section-height-default elementor-section-height-default\" data-eae-slider=\"39512\" data-id=\"34e43c6\" data-element_type=\"section\" data-e-type=\"section\">\n\t\t\t\t\t\t<div class=\"elementor-container elementor-column-gap-default\">\n\t\t\t\t\t<div class=\"has_eae_slider elementor-column elementor-col-100 elementor-inner-column elementor-element elementor-element-c086a2b\" data-eae-slider=\"63497\" data-id=\"c086a2b\" data-element_type=\"column\" data-e-type=\"column\">\n\t\t\t<div class=\"elementor-widget-wrap elementor-element-populated\">\n\t\t\t\t\t\t<div class=\"elementor-element elementor-element-3321d65 elementor-widget elementor-widget-elementskit-accordion\" data-id=\"3321d65\" data-element_type=\"widget\" data-e-type=\"widget\" data-widget_type=\"elementskit-accordion.default\">\n\t\t\t\t\t<div class=\"ekit-wid-con\" >\n        <div class=\"elementskit-accordion accoedion-primary\" id=\"accordion-6a087c194ee97\">\n\n            \n                <div class=\"elementskit-card active\">\n                    <div class=\"elementskit-card-header\" id=\"primaryHeading-0-3321d65\">\n                        <a href=\"#collapse-76399c66a087c194ee97\" class=\"ekit-accordion--toggler elementskit-btn-link collapsed\" data-ekit-toggle=\"collapse\" data-target=\"#Collapse-76399c66a087c194ee97\" aria-expanded=\"true\" aria-controls=\"Collapse-76399c66a087c194ee97\">\n                            \n                            <span class=\"ekit-accordion-title\">Jak d\u0142ugo trwa wyst\u0119p Mad Mike Guitar Show<\/span>\n\n                            \n                                <div class=\"ekit_accordion_icon_group\">\n                                    <div class=\"ekit_accordion_normal_icon\">\n                                        <!-- Normal Icon -->\n\t\t\t\t\t\t\t\t\t\t<i class=\"icon icon-down-arrow1\"><\/i>                                    <\/div>\n\n                                    <div class=\"ekit_accordion_active_icon\">\n                                        <!-- Active Icon -->\n\t\t\t\t\t\t\t\t\t\t<i class=\"icon icon-up-arrow\"><\/i>                                    <\/div>\n                                <\/div>\n\n                            \n                                                    <\/a>\n                    <\/div>\n\n                    <div id=\"Collapse-76399c66a087c194ee97\" class=\" show collapse\" aria-labelledby=\"primaryHeading-0-3321d65\" data-parent=\"#accordion-6a087c194ee97\">\n\n                        <div class=\"elementskit-card-body ekit-accordion--content\">\n                            <div class=\"n6owBd awi2gc\">Formu\u0142\u0119 show ka\u017cdorazowo dopasowujemy do dynamiki Twojego wydarzenia, dbaj\u0105c o maksymalny \u0142adunek energii. Do najpopularniejszych opcji nale\u017c\u0105:<\/div><div>\u00a0<\/div><ul class=\"KsbFXc U6u95\"><li class=\"Z1qcYe\"><span class=\"T286Pc\"><strong>Main Event Show (Ok. 5\u20138 min):<\/strong> Eksplozywny, skondensowany medley najwiekszych hit\u00f3w. Idealny jako spektakularny \u201eopener\u201d lub punkt kulminacyjny eventu z wykorzystaniem efektownej <strong>Fire Guitar <\/strong>lub <strong>LED Guitar<\/strong>.<\/span><\/li><li>\u00a0<\/li><li class=\"Z1qcYe\"><span class=\"T286Pc\"><strong>Standard Live Act (3\u20134 wej\u015bcia po 15\u201320 min):<\/strong> Rockowe riffy w nowoczesnych, klubowych remiksach, kt\u00f3re systematycznie podkr\u0119caj\u0105 atmosfer\u0119 na parkiecie.<\/span><\/li><li>\u00a0<\/li><li class=\"Z1qcYe\"><span class=\"T286Pc\"><strong>Background Music (3 sety po 30 min):<\/strong> Stylowa oprawa muzyczna w klimacie <em>chillout<\/em> lub <em>smooth<\/em>, stanowi\u0105ca eleganckie t\u0142o dla bankiet\u00f3w i spotka\u0144 biznesowych.<\/span>\u00a0<\/li><\/ul>                        <\/div>\n\n                    <\/div>\n\n                <\/div><!-- .elementskit-card END -->\n\n                \n                <div class=\"elementskit-card \">\n                    <div class=\"elementskit-card-header\" id=\"primaryHeading-1-3321d65\">\n                        <a href=\"#collapse-64026cf6a087c194ee97\" class=\"ekit-accordion--toggler elementskit-btn-link collapsed\" data-ekit-toggle=\"collapse\" data-target=\"#Collapse-64026cf6a087c194ee97\" aria-expanded=\"false\" aria-controls=\"Collapse-64026cf6a087c194ee97\">\n                            \n                            <span class=\"ekit-accordion-title\">Jaki jest repertuar? Czy mamy mo\u017cliwo\u015b\u0107 zam\u00f3wi\u0107 jakie\u015b konkretne utwory? <\/span>\n\n                            \n                                <div class=\"ekit_accordion_icon_group\">\n                                    <div class=\"ekit_accordion_normal_icon\">\n                                        <!-- Normal Icon -->\n\t\t\t\t\t\t\t\t\t\t<i class=\"icon icon-down-arrow1\"><\/i>                                    <\/div>\n\n                                    <div class=\"ekit_accordion_active_icon\">\n                                        <!-- Active Icon -->\n\t\t\t\t\t\t\t\t\t\t<i class=\"icon icon-up-arrow\"><\/i>                                    <\/div>\n                                <\/div>\n\n                            \n                                                    <\/a>\n                    <\/div>\n\n                    <div id=\"Collapse-64026cf6a087c194ee97\" class=\" collapse\" aria-labelledby=\"primaryHeading-1-3321d65\" data-parent=\"#accordion-6a087c194ee97\">\n\n                        <div class=\"elementskit-card-body ekit-accordion--content\">\n                            <div class=\"n6owBd awi2gc\">Repertuar to energetyczna fuzja klasyki i nowoczesno\u015bci, kt\u00f3r\u0105 zawsze dopasowuj\u0119 do charakteru i motywu przewodniego eventu. G\u0142\u00f3wne nurty to:<\/div><div>\u00a0<\/div><ul class=\"KsbFXc U6u95\"><li class=\"Z1qcYe\"><span class=\"T286Pc\"><strong>Rock &amp; Club Energy:<\/strong> Kultowe riffy w nowoczesnych, tanecznych aran\u017cacjach, kt\u00f3re porywaj\u0105 do zabawy (np. <em>Smells Like Teen Spirit<\/em> Nirvany, <em>Thunderstruck<\/em> AC\/DC czy <em>It\u2019s My Life<\/em> Bon Jovi).<\/span><\/li><li>\u00a0<\/li><li class=\"Z1qcYe\"><span class=\"T286Pc\"><strong>Epic Movie Themes:<\/strong> Widowiskowe interpretacje najs\u0142ynniejszych motyw\u00f3w filmowych, takich jak <em>Piraci z Karaib\u00f3w<\/em>, <em>Terminator<\/em> czy <em>Top Gun<\/em>, idealne do pokaz\u00f3w z <strong>LED Guitar<\/strong> lub <strong>Fire Guitar<\/strong>.<\/span><\/li><li>\u00a0<\/li><li class=\"Z1qcYe\"><span class=\"T286Pc\"><strong>Gala &amp; Celebration:<\/strong> Podnios\u0142e i uroczyste wykonania hymn\u00f3w zwyci\u0119stwa, m.in. <em>We Are The Champions<\/em>, kt\u00f3re doskonale sprawdzaj\u0105 si\u0119 podczas wr\u0119czania nagr\u00f3d czy oficjalnych cz\u0119\u015bci bankiet\u00f3w.<\/span><\/li><\/ul><div>\u00a0<\/div><div class=\"n6owBd awi2gc\"><strong>Personalizacja:<\/strong> Tak, istnieje mo\u017cliwo\u015b\u0107 przygotowania konkretnego utworu na specjalne zam\u00f3wienie (np. na wej\u015bcie prezesa, premier\u0119 produktu). W takim przypadku prosimy o kontakt z wyprzedzeniem, aby\u015bmy mogli przygotowa\u0107 unikaln\u0105 aran\u017cacj\u0119 pasuj\u0105c\u0105 do stylu show<\/div>                        <\/div>\n\n                    <\/div>\n\n                <\/div><!-- .elementskit-card END -->\n\n                \n                <div class=\"elementskit-card \">\n                    <div class=\"elementskit-card-header\" id=\"primaryHeading-2-3321d65\">\n                        <a href=\"#collapse-b03b5346a087c194ee97\" class=\"ekit-accordion--toggler elementskit-btn-link collapsed\" data-ekit-toggle=\"collapse\" data-target=\"#Collapse-b03b5346a087c194ee97\" aria-expanded=\"false\" aria-controls=\"Collapse-b03b5346a087c194ee97\">\n                            \n                            <span class=\"ekit-accordion-title\">Czy jest mo\u017cliwo\u015b\u0107 wyst\u0119pu z Naszym Djem?<\/span>\n\n                            \n                                <div class=\"ekit_accordion_icon_group\">\n                                    <div class=\"ekit_accordion_normal_icon\">\n                                        <!-- Normal Icon -->\n\t\t\t\t\t\t\t\t\t\t<i class=\"icon icon-down-arrow1\"><\/i>                                    <\/div>\n\n                                    <div class=\"ekit_accordion_active_icon\">\n                                        <!-- Active Icon -->\n\t\t\t\t\t\t\t\t\t\t<i class=\"icon icon-up-arrow\"><\/i>                                    <\/div>\n                                <\/div>\n\n                            \n                                                    <\/a>\n                    <\/div>\n\n                    <div id=\"Collapse-b03b5346a087c194ee97\" class=\" collapse\" aria-labelledby=\"primaryHeading-2-3321d65\" data-parent=\"#accordion-6a087c194ee97\">\n\n                        <div class=\"elementskit-card-body ekit-accordion--content\">\n                            <div class=\"n6owBd awi2gc\">Oczywi\u015bcie. Cho\u0107 na co dzie\u0144 wsp\u00f3\u0142pracujemy z wieloma sprawdzonymi DJ-ami z Polski i zagranicy, bez problemu mo\u017cemy przygotowa\u0107 wsp\u00f3lne show z artyst\u0105 zakontraktowanym ju\u017c przez Agencj\u0119, klub lub organizatora.<\/div><div class=\"n6owBd awi2gc\">Nasze wyst\u0119py s\u0105 elastyczne i doskonale integruj\u0105 si\u0119 z setami DJ-skimi. W takim przypadku ustalamy szczeg\u00f3\u0142y techniczne oraz repertuar z wyprzedzeniem, aby wsp\u00f3lny wyst\u0119p by\u0142 sp\u00f3jny i przyni\u00f3s\u0142 maksymaln\u0105 energi\u0119 na scenie.<\/div>                        <\/div>\n\n                    <\/div>\n\n                <\/div><!-- .elementskit-card END -->\n\n                \n                <div class=\"elementskit-card \">\n                    <div class=\"elementskit-card-header\" id=\"primaryHeading-3-3321d65\">\n                        <a href=\"#collapse-3632b826a087c194ee97\" class=\"ekit-accordion--toggler elementskit-btn-link collapsed\" data-ekit-toggle=\"collapse\" data-target=\"#Collapse-3632b826a087c194ee97\" aria-expanded=\"false\" aria-controls=\"Collapse-3632b826a087c194ee97\">\n                            \n                            <span class=\"ekit-accordion-title\">Czy mo\u017cecie pom\u00f3c w pe\u0142nej obs\u0142udze muzycznej eventu?<\/span>\n\n                            \n                                <div class=\"ekit_accordion_icon_group\">\n                                    <div class=\"ekit_accordion_normal_icon\">\n                                        <!-- Normal Icon -->\n\t\t\t\t\t\t\t\t\t\t<i class=\"icon icon-down-arrow1\"><\/i>                                    <\/div>\n\n                                    <div class=\"ekit_accordion_active_icon\">\n                                        <!-- Active Icon -->\n\t\t\t\t\t\t\t\t\t\t<i class=\"icon icon-up-arrow\"><\/i>                                    <\/div>\n                                <\/div>\n\n                            \n                                                    <\/a>\n                    <\/div>\n\n                    <div id=\"Collapse-3632b826a087c194ee97\" class=\" collapse\" aria-labelledby=\"primaryHeading-3-3321d65\" data-parent=\"#accordion-6a087c194ee97\">\n\n                        <div class=\"elementskit-card-body ekit-accordion--content\">\n                            <div class=\"n6owBd awi2gc\">Tak, oferujemy kompleksowe wsparcie w planowaniu i realizacji oprawy muzycznej. Dzi\u0119ki wieloletniemu do\u015bwiadczeniu scenicznemu oraz szerokiej sieci kontakt\u00f3w w bran\u017cy eventowej, zapewniamy:<\/div><div>\u00a0<\/div><ul class=\"KsbFXc U6u95\"><li class=\"Z1qcYe\"><span class=\"T286Pc\"><strong>Opraw\u0119 artystyczn\u0105:<\/strong> Pomo\u017cemy w doborze i zakontraktowaniu innych artyst\u00f3w, zespo\u0142\u00f3w czy DJ-\u00f3w, aby ca\u0142e wydarzenie by\u0142o sp\u00f3jne stylistycznie.<\/span><\/li><li>\u00a0<\/li><li class=\"Z1qcYe\"><span class=\"T286Pc\"><strong>Wsparcie techniczne:<\/strong> Doradzamy w kwestiach nag\u0142o\u015bnienia i o\u015bwietlenia, dbaj\u0105c o najwy\u017csz\u0105 jako\u015b\u0107 odbioru show.<\/span><\/li><li>\u00a0<\/li><li class=\"Z1qcYe\"><span class=\"T286Pc\"><strong>W\u0142asne zaplecze:<\/strong> Dysponujemy \u00a0systemem nag\u0142o\u015bnieniowym, dedykowanym do koncert\u00f3w akustycznych i kameralnych wydarze\u0144.<\/span><\/li><li>\u00a0<\/li><\/ul><div class=\"n6owBd awi2gc\">Dzia\u0142amy kompleksowo \u2013 od koncepcji po realizacj\u0119, zamieniaj\u0105c planowanie oprawy muzycznej w bezstresowy proces dla organizatora.<\/div>                        <\/div>\n\n                    <\/div>\n\n                <\/div><!-- .elementskit-card END -->\n\n                \n                <div class=\"elementskit-card \">\n                    <div class=\"elementskit-card-header\" id=\"primaryHeading-4-3321d65\">\n                        <a href=\"#collapse-0ca55596a087c194ee97\" class=\"ekit-accordion--toggler elementskit-btn-link collapsed\" data-ekit-toggle=\"collapse\" data-target=\"#Collapse-0ca55596a087c194ee97\" aria-expanded=\"false\" aria-controls=\"Collapse-0ca55596a087c194ee97\">\n                            \n                            <span class=\"ekit-accordion-title\">Jakie s\u0105 wymagania techniczne ?<\/span>\n\n                            \n                                <div class=\"ekit_accordion_icon_group\">\n                                    <div class=\"ekit_accordion_normal_icon\">\n                                        <!-- Normal Icon -->\n\t\t\t\t\t\t\t\t\t\t<i class=\"icon icon-down-arrow1\"><\/i>                                    <\/div>\n\n                                    <div class=\"ekit_accordion_active_icon\">\n                                        <!-- Active Icon -->\n\t\t\t\t\t\t\t\t\t\t<i class=\"icon icon-up-arrow\"><\/i>                                    <\/div>\n                                <\/div>\n\n                            \n                                                    <\/a>\n                    <\/div>\n\n                    <div id=\"Collapse-0ca55596a087c194ee97\" class=\" collapse\" aria-labelledby=\"primaryHeading-4-3321d65\" data-parent=\"#accordion-6a087c194ee97\">\n\n                        <div class=\"elementskit-card-body ekit-accordion--content\">\n                                                    <\/div>\n\n                    <\/div>\n\n                <\/div><!-- .elementskit-card END -->\n\n                                        <\/div>\n    <\/div>\t\t\t\t<\/div>\n\t\t\t\t\t<\/div>\n\t\t<\/div>\n\t\t\t\t\t<\/div>\n\t\t<\/section>\n\t\t\t\t\t<\/div>\n\t\t<\/div>\n\t\t\t\t<div class=\"has_eae_slider elementor-column elementor-col-25 elementor-top-column elementor-element elementor-element-055fd92\" data-eae-slider=\"8349\" data-id=\"055fd92\" data-element_type=\"column\" data-e-type=\"column\">\n\t\t\t<div class=\"elementor-widget-wrap\">\n\t\t\t\t\t\t\t<\/div>\n\t\t<\/div>\n\t\t\t\t\t<\/div>\n\t\t<\/section>\n\t\t\t\t<\/div>\n\t\t","protected":false},"excerpt":{"rendered":"<p>Faq&#8217;s Home Faq&#8217;s FAQ&#8217;S Q&amp;A \u2013 Mad Mike Guitar Jak d\u0142ugo trwa wyst\u0119p Mad Mike Guitar Show Formu\u0142\u0119 show ka\u017cdorazowo dopasowujemy do dynamiki Twojego wydarzenia, dbaj\u0105c o maksymalny \u0142adunek energii. Do najpopularniejszych opcji nale\u017c\u0105:\u00a0 Main Event Show (Ok. 5\u20138 min): Eksplozywny, skondensowany medley najwiekszych hit\u00f3w. Idealny jako spektakularny \u201eopener\u201d lub punkt kulminacyjny eventu z wykorzystaniem [&hellip;]<\/p>\n","protected":false},"author":4,"featured_media":0,"parent":0,"menu_order":0,"comment_status":"closed","ping_status":"closed","template":"elementor_header_footer","meta":{"_acf_changed":false,"footnotes":""},"class_list":["post-1878","page","type-page","status-publish","hentry"],"acf":[],"_links":{"self":[{"href":"https:\/\/madmikeguitar.com\/index.php\/wp-json\/wp\/v2\/pages\/1878","targetHints":{"allow":["GET"]}}],"collection":[{"href":"https:\/\/madmikeguitar.com\/index.php\/wp-json\/wp\/v2\/pages"}],"about":[{"href":"https:\/\/madmikeguitar.com\/index.php\/wp-json\/wp\/v2\/types\/page"}],"author":[{"embeddable":true,"href":"https:\/\/madmikeguitar.com\/index.php\/wp-json\/wp\/v2\/users\/4"}],"replies":[{"embeddable":true,"href":"https:\/\/madmikeguitar.com\/index.php\/wp-json\/wp\/v2\/comments?post=1878"}],"version-history":[{"count":21,"href":"https:\/\/madmikeguitar.com\/index.php\/wp-json\/wp\/v2\/pages\/1878\/revisions"}],"predecessor-version":[{"id":3138,"href":"https:\/\/madmikeguitar.com\/index.php\/wp-json\/wp\/v2\/pages\/1878\/revisions\/3138"}],"wp:attachment":[{"href":"https:\/\/madmikeguitar.com\/index.php\/wp-json\/wp\/v2\/media?parent=1878"}],"curies":[{"name":"wp","href":"https:\/\/api.w.org\/{rel}","templated":true}]}}